he hundreds digit of 5267149?
1
What is the tens digit of 203392?
9
What is the ten thousands digit of 194082?
9
What is the thousands digit of 2608534?
8
What is the units digit of 3104706?
6
What is the hundreds digit of 4102804?
8
What is the hundred thousands digit of 2478716?
4
What is the hundreds digit of 6591?
5
What is the ten thousands digit of 622484?
2
What is the hundred thousands digit of 468593?
4
What is the hundreds digit of 996704?
7
What is the hundred thousands digit of 1121077?
1
What is the units digit of 777940?
0
What is the units digit of 3716638?
8
What is the hundreds digit of 5236612?
6
What is the ten thousands digit of 1135601?
3
What is the ten thousands digit of 137504?
3
What is the units digit of 943777?
7
What is the thousands digit of 591716?
1
What is the tens digit of 102251?
5
What is the units digit of 5606360?
0
What is the ten thousands digit of 2423953?
2
What is the millions digit of 7275879?
7
What is the millions digit of 3599817?
3
What is the ten thousands digit of 58823?
5
What is the hundreds digit of 1878772?
7
What is the hundreds digit of 46432?
4
What is the units digit of 240849?
9
What is the ten thousands digit of 381654?
8
What is the hundreds digit of 565159?
1
What is the hundred thousands digit of 38725663?
7
What is the tens digit of 5631168?
6
What is the thousands digit of 15758?
5
What is the hundreds digit of 294988?
9
What is the thousands digit of 939565?
9
What is the millions digit of 20310379?
0
What is the hundred thousands digit of 200743?
2
What is the hundred thousands digit of 894178?
8
What is the hundreds digit of 290917?
9
What is the millions digit of 14144051?
4
What is the hundreds digit of 107018?
0
What is the thousands digit of 2278461?
8
What is the ten thousands digit of 357295?
5
What is the hundreds digit of 4324892?
8
What is the thousands digit of 968152?
8
What is the millions digit of 2021191?
2
What is the thousands digit of 557274?
7
What is the hundreds digit of 1953393?
3
What is the units digit of 570672?
2
What is the hundred thousands digit of 146639?
1
What is the ten millions digit of 39096512?
3
What is the tens digit of 14719499?
9
What is the hundreds digit of 2873456?
4
What is the ten thousands digit of 537961?
3
What is the hundred thousands digit of 7526772?
5
What is the ten thousands digit of 643983?
4
What is the hundreds digit of 680585?
5
What is the ten millions digit of 12979342?
1
What is the hundred thousands digit of 321105?
3
What is the hundred thousands digit of 6386055?
3
What is the hundreds digit of 147997?
9
What is the tens digit of 21106384?
8
What is the tens digit of 9876514?
1
What is the units digit of 275130?
0
What is the thousands digit of 521057?
1
What is the tens digit of 2875000?
0
What is the tens digit of 946511?
1
What is the ten millions digit of 18302316?
1
What is the hundreds digit of 824504?
5
What is the thousands digit of 2872039?
2
What is the hundreds digit of 172832?
8
What is the thousands digit of 430241?
0
What is the ten thousands digit of 97797?
9
What is the hundreds digit of 583758?
7
What is the hundreds digit of 8839181?
1
What is the thousands digit of 7466251?
6
What is the hundreds digit of 9373372?
3
What is the ten thousands digit of 11870?
1
What is the tens digit of 853291?
9
What is the ten thousands digit of 1141248?
4
What is the hundred thousands digit of 703187?
7
What is the hundreds digit of 166272?
2
What is the tens digit of 12054483?
8
What is the hundreds digit of 1228429?
4
What is the units digit of 126405?
5
What is the ten thousands digit of 43059316?
5
What is the hundred thousands digit of 808127?
8
What is the ten thousands digit of 247341?
4
What is the hundred thousands digit of 5056357?
0
What is the tens digit of 591418?
1
What is the units digit of 5530522?
2
What is the thousands digit of 2069798?
9
What is the units digit of 853932?
2
What is the hundred thousands digit of 30882204?
8
What is the hundred thousands digit of 245652?
2
What is the tens digit of 50159?
5
What is the ten thousands digit of 79136?
7
What is the hundred thousands digit of 1314813?
3
What is the units digit of 364832?
2
What is the hundreds digit of 61554?
5
What is the units digit of 84894?
4
What is the hundreds digit of 268559?
5
What is the hundred thousands digit of 631762?
6
What is the hundred thousands digit of 716919?
7
What is the ten thousands digit of 2842905?
4
What is the hundreds digit of 252152?
1
What is the units digit of 200196?
6
What is the hundreds digit of 990714?
7
What is the tens digit of 3356236?
3
What is the hundred thousands digit of 319069?
3
What is the ten thousands digit of 513378?
1
What is the thousands digit of 78498?
8
What is the hundreds digit of 8248017?
0
What is the units digit of 191002?
2
What is the hundred thousands digit of 3371551?
3
What is the tens digit of 183662?
6
What is the tens digit of 83198?
9
What is the tens digit of 539058?
5
What is the tens digit of 752669?
6
What is the units digit of 467048?
8
What is the thousands digit of 210920?
0
What is the hundreds digit of 370732?
7
What is the thousands digit of 1821121?
1
What is the units digit of 26615?
5
What is the hundreds digit of 47223?
2
What is the ten thousands digit of 399955?
9
What is the thousands digit of 41556?
1
What is the tens digit of 1596470?
7
What is the tens digit of 468277?
7
What is the hundred thousands digit of 10669445?
6
What is the tens digit of 2528248?
4
What is the hundred thousands digit of 552656?
5
What is the thousands digit of 4118132?
8
What is the millions digit of 8971046?
8
What is the tens digit of 2363215?
1
What is the tens digit of 1636336?
3
What is the hundreds digit of 214769?
7
What is the thousands digit of 7084310?
4
What is the hundred thousands digit of 815359?
8
What is the units digit of 2184496?
6
What is the tens digit of 141867?
6
What is the hundred thousands digit of 495021?
4
What is the ten thousands digit of 25396052?
9
What is the thousands digit of 28876458?
6
What is the units digit of 1186203?
3
What is the tens digit of 9900468?
6
What is the hundreds digit of 534946?
9
What is the hundreds digit of 22913448?
4
What is the millions digit of 1020767?
1
What is the thousands digit of 3252485?
2
What is the ten thousands digit of 353381?
5
What is the ten thousands digit of 1374650?
7
What is the tens digit of 1860821?
2
What is the hundreds digit of 11502294?
2
What is the ten thousands digit of 9363420?
6
What is the hundred thousands digit of 1308860?
3
What is the thousands digit of 5335353?
5
What is the tens digit of 59590?
9
What is the units digit of 195593?
3
What is the tens digit of 1848653?
5
What is the thousands digit of 301181?
1
What is the tens digit of 677677?
7
What is the ten thousands digit of 212099?
1
What is the hundreds digit of 53238?
2
What is the ten thousands digit of 6447981?
4
What is the hundreds digit of 255933?
9
What is the tens digit of 138199?
9
What is the millions digit of 18897858?
8
What is the hundred thousands digit of 3164939?
1
What is the millions digit of 2229483?
2
What is the thousands digit of 10209037?
9
What is the hundred thousands digit of 4636940?
6
What is the hundreds digit of 594949?
9
What is the thousands digit of 604995?
4
What is the units digit of 4762089?
9
What is the hundred thousands digit of 4356066?
3
What is the thousands digit of 186453?
6
What is the hundreds digit of 67335?
3
What is the millions digit of 21935154?
1
What is the hundreds digit of 259402?
4
What is the tens digit of 432909?
0
What is the millions digit of 4568484?
4
What is the ten thousands digit of 5908623?
0
What is the tens digit of 328122?
2
What is the hundred thousands digit of 19201031?
2
What is the thousands digit of 1359784?
9
What is the hundred thousands digit of 1037875?
0
What is the thousands digit of 227508?
7
What is the units digit of 315939?
9
What is the ten thousands digit of 2845482?
4
What is the units digit of 4179251?
1
What is the units digit of 17525510?
0
What is the tens digit of 184003?
0
What is the tens digit of 701353?
5
What is the hundreds digit of 2788600?
6
What is the hundreds digit of 11758745?
7
What is the units digit of 8